{"id":28,"date":"2023-11-21T09:58:53","date_gmt":"2023-11-21T12:58:53","guid":{"rendered":"https:\/\/anfamec.com.br\/expo2025\/?page_id=28"},"modified":"2025-05-16T09:34:52","modified_gmt":"2025-05-16T12:34:52","slug":"hoteis","status":"publish","type":"page","link":"https:\/\/anfamec.com.br\/expo2025\/hoteis\/","title":{"rendered":"Hot\u00e9is"},"content":{"rendered":"\t\t<div data-elementor-type=\"wp-page\" data-elementor-id=\"28\" class=\"elementor elementor-28\" data-elementor-post-type=\"page\">\n\t\t\t\t<div class=\"elementor-element elementor-element-f044483 e-flex e-con-boxed e-con e-parent\" data-id=\"f044483\" data-element_type=\"container\" data-e-type=\"container\">\n\t\t\t\t\t<div class=\"e-con-inner\">\n\t\t<div class=\"elementor-element elementor-element-d6d3eac e-con-full animated-slow e-flex elementor-invisible e-con e-child\" data-id=\"d6d3eac\" data-element_type=\"container\" data-e-type=\"container\" data-settings=\"{&quot;background_background&quot;:&quot;classic&quot;,&quot;animation&quot;:&quot;fadeIn&quot;}\">\n\t\t\t\t<div class=\"elementor-element elementor-element-cbcec9d elementor-widget elementor-widget-heading\" data-id=\"cbcec9d\" data-element_type=\"widget\" data-e-type=\"widget\" data-widget_type=\"heading.default\">\n\t\t\t\t<div class=\"elementor-widget-container\">\n\t\t\t\t\t<h5 class=\"elementor-heading-title elementor-size-default\">HOT\u00c9IS OFICIAIS DO EVENTO<\/h5>\t\t\t\t<\/div>\n\t\t\t\t<\/div>\n\t\t\t\t<div class=\"elementor-element elementor-element-177fd5e elementor-widget elementor-widget-heading\" data-id=\"177fd5e\" data-element_type=\"widget\" data-e-type=\"widget\" data-widget_type=\"heading.default\">\n\t\t\t\t<div class=\"elementor-widget-container\">\n\t\t\t\t\t<h5 class=\"elementor-heading-title elementor-size-default\">Para efetuar a sua Reserva<\/h5>\t\t\t\t<\/div>\n\t\t\t\t<\/div>\n\t\t\t\t<div class=\"elementor-element elementor-element-fbf083c elementor-align-start elementor-icon-list--layout-traditional elementor-list-item-link-full_width elementor-widget elementor-widget-icon-list\" data-id=\"fbf083c\" data-element_type=\"widget\" data-e-type=\"widget\" data-widget_type=\"icon-list.default\">\n\t\t\t\t<div class=\"elementor-widget-container\">\n\t\t\t\t\t\t\t<ul class=\"elementor-icon-list-items\">\n\t\t\t\t\t\t\t<li class=\"elementor-icon-list-item\">\n\t\t\t\t\t\t\t\t\t\t\t<span class=\"elementor-icon-list-icon\">\n\t\t\t\t\t\t\t<svg aria-hidden=\"true\" class=\"e-font-icon-svg e-fas-check-circle\" viewBox=\"0 0 512 512\" xmlns=\"http:\/\/www.w3.org\/2000\/svg\"><path d=\"M504 256c0 136.967-111.033 248-248 248S8 392.967 8 256 119.033 8 256 8s248 111.033 248 248zM227.314 387.314l184-184c6.248-6.248 6.248-16.379 0-22.627l-22.627-22.627c-6.248-6.249-16.379-6.249-22.628 0L216 308.118l-70.059-70.059c-6.248-6.248-16.379-6.248-22.628 0l-22.627 22.627c-6.248 6.248-6.248 16.379 0 22.627l104 104c6.249 6.249 16.379 6.249 22.628.001z\"><\/path><\/svg>\t\t\t\t\t\t<\/span>\n\t\t\t\t\t\t\t\t\t\t<span class=\"elementor-icon-list-text\">Escolha um dos hot\u00e9is sugeridos abaixo e click no bot\u00e3o <u>Fa\u00e7a sua reserva<\/u><\/span>\n\t\t\t\t\t\t\t\t\t<\/li>\n\t\t\t\t\t\t\t\t<li class=\"elementor-icon-list-item\">\n\t\t\t\t\t\t\t\t\t\t\t<span class=\"elementor-icon-list-icon\">\n\t\t\t\t\t\t\t<svg aria-hidden=\"true\" class=\"e-font-icon-svg e-fas-check-circle\" viewBox=\"0 0 512 512\" xmlns=\"http:\/\/www.w3.org\/2000\/svg\"><path d=\"M504 256c0 136.967-111.033 248-248 248S8 392.967 8 256 119.033 8 256 8s248 111.033 248 248zM227.314 387.314l184-184c6.248-6.248 6.248-16.379 0-22.627l-22.627-22.627c-6.248-6.249-16.379-6.249-22.628 0L216 308.118l-70.059-70.059c-6.248-6.248-16.379-6.248-22.628 0l-22.627 22.627c-6.248 6.248-6.248 16.379 0 22.627l104 104c6.249 6.249 16.379 6.249 22.628.001z\"><\/path><\/svg>\t\t\t\t\t\t<\/span>\n\t\t\t\t\t\t\t\t\t\t<span class=\"elementor-icon-list-text\">Selecione a data de check in e check out<\/span>\n\t\t\t\t\t\t\t\t\t<\/li>\n\t\t\t\t\t\t\t\t<li class=\"elementor-icon-list-item\">\n\t\t\t\t\t\t\t\t\t\t\t<span class=\"elementor-icon-list-icon\">\n\t\t\t\t\t\t\t<svg aria-hidden=\"true\" class=\"e-font-icon-svg e-fas-check-circle\" viewBox=\"0 0 512 512\" xmlns=\"http:\/\/www.w3.org\/2000\/svg\"><path d=\"M504 256c0 136.967-111.033 248-248 248S8 392.967 8 256 119.033 8 256 8s248 111.033 248 248zM227.314 387.314l184-184c6.248-6.248 6.248-16.379 0-22.627l-22.627-22.627c-6.248-6.249-16.379-6.249-22.628 0L216 308.118l-70.059-70.059c-6.248-6.248-16.379-6.248-22.628 0l-22.627 22.627c-6.248 6.248-6.248 16.379 0 22.627l104 104c6.249 6.249 16.379 6.249 22.628.001z\"><\/path><\/svg>\t\t\t\t\t\t<\/span>\n\t\t\t\t\t\t\t\t\t\t<span class=\"elementor-icon-list-text\">Insira o c\u00f3digo promocional para <b>Rede Vitoria c\u00f3digo promocional - ANFAMEC2025 (COM 12% DE DESCONTO) para Rede Accor c\u00f3digo promocional - EXPODOMPEDRO e para HOTEL Matiz Bar\u00e3o Geraldo Express - C\u00f3digo promocional Anfamec2025<\/b><\/span>\n\t\t\t\t\t\t\t\t\t<\/li>\n\t\t\t\t\t\t\t\t<li class=\"elementor-icon-list-item\">\n\t\t\t\t\t\t\t\t\t\t\t<span class=\"elementor-icon-list-icon\">\n\t\t\t\t\t\t\t<svg aria-hidden=\"true\" class=\"e-font-icon-svg e-fas-check-circle\" viewBox=\"0 0 512 512\" xmlns=\"http:\/\/www.w3.org\/2000\/svg\"><path d=\"M504 256c0 136.967-111.033 248-248 248S8 392.967 8 256 119.033 8 256 8s248 111.033 248 248zM227.314 387.314l184-184c6.248-6.248 6.248-16.379 0-22.627l-22.627-22.627c-6.248-6.249-16.379-6.249-22.628 0L216 308.118l-70.059-70.059c-6.248-6.248-16.379-6.248-22.628 0l-22.627 22.627c-6.248 6.248-6.248 16.379 0 22.627l104 104c6.249 6.249 16.379 6.249 22.628.001z\"><\/path><\/svg>\t\t\t\t\t\t<\/span>\n\t\t\t\t\t\t\t\t\t\t<span class=\"elementor-icon-list-text\">Clique em RESERVAR<\/span>\n\t\t\t\t\t\t\t\t\t<\/li>\n\t\t\t\t\t\t\t\t<li class=\"elementor-icon-list-item\">\n\t\t\t\t\t\t\t\t\t\t\t<span class=\"elementor-icon-list-icon\">\n\t\t\t\t\t\t\t<svg aria-hidden=\"true\" class=\"e-font-icon-svg e-fas-check-circle\" viewBox=\"0 0 512 512\" xmlns=\"http:\/\/www.w3.org\/2000\/svg\"><path d=\"M504 256c0 136.967-111.033 248-248 248S8 392.967 8 256 119.033 8 256 8s248 111.033 248 248zM227.314 387.314l184-184c6.248-6.248 6.248-16.379 0-22.627l-22.627-22.627c-6.248-6.249-16.379-6.249-22.628 0L216 308.118l-70.059-70.059c-6.248-6.248-16.379-6.248-22.628 0l-22.627 22.627c-6.248 6.248-6.248 16.379 0 22.627l104 104c6.249 6.249 16.379 6.249 22.628.001z\"><\/path><\/svg>\t\t\t\t\t\t<\/span>\n\t\t\t\t\t\t\t\t\t\t<span class=\"elementor-icon-list-text\">Logo ap\u00f3s, os valores das tarifas e op\u00e7\u00f5es de acomoda\u00e7\u00e3o estar\u00e3o dispon\u00edveis para sua escolha. Pronto, agora \u00e9 s\u00f3 escolher o tipo de acomoda\u00e7\u00e3o, verificar os valores e finalizar o processo de compra.<\/span>\n\t\t\t\t\t\t\t\t\t<\/li>\n\t\t\t\t\t\t<\/ul>\n\t\t\t\t\t\t<\/div>\n\t\t\t\t<\/div>\n\t\t\t\t<\/div>\n\t\t<div class=\"elementor-element elementor-element-75cba1d e-con-full animated-slow e-flex elementor-invisible e-con e-child\" data-id=\"75cba1d\" data-element_type=\"container\" data-e-type=\"container\" data-settings=\"{&quot;background_background&quot;:&quot;classic&quot;,&quot;animation&quot;:&quot;fadeIn&quot;}\">\n\t\t\t\t<\/div>\n\t\t\t\t\t<\/div>\n\t\t\t\t<\/div>\n\t\t<div class=\"elementor-element elementor-element-2592103 e-flex e-con-boxed e-con e-parent\" data-id=\"2592103\" data-element_type=\"container\" data-e-type=\"container\">\n\t\t\t\t\t<div class=\"e-con-inner\">\n\t\t<div class=\"elementor-element elementor-element-3abafe4 e-con-full e-flex e-con e-child\" data-id=\"3abafe4\" data-element_type=\"container\" data-e-type=\"container\">\n\t\t\t\t<div class=\"elementor-element elementor-element-c966296 elementor-widget elementor-widget-image\" data-id=\"c966296\" data-element_type=\"widget\" data-e-type=\"widget\" data-widget_type=\"image.default\">\n\t\t\t\t<div class=\"elementor-widget-container\">\n\t\t\t\t\t\t\t\t\t\t\t\t<figure class=\"wp-caption\">\n\t\t\t\t\t\t\t\t\t\t\t<a href=\"https:\/\/anfamec.com.br\/expo2025\/wp-content\/uploads\/2025\/05\/barao_geraldo_7957-HDR-1920w.png\" data-elementor-open-lightbox=\"yes\" data-elementor-lightbox-title=\"Matiz Bar\u00e3o Geral Express\" data-e-action-hash=\"#elementor-action%3Aaction%3Dlightbox%26settings%3DeyJpZCI6ODI2LCJ1cmwiOiJodHRwczpcL1wvYW5mYW1lYy5jb20uYnJcL2V4cG8yMDI1XC93cC1jb250ZW50XC91cGxvYWRzXC8yMDI1XC8wNVwvYmFyYW9fZ2VyYWxkb183OTU3LUhEUi0xOTIwdy5wbmcifQ%3D%3D\">\n\t\t\t\t\t\t\t<img fetchpriority=\"high\" decoding=\"async\" width=\"1500\" height=\"850\" src=\"https:\/\/anfamec.com.br\/expo2025\/wp-content\/uploads\/2025\/05\/barao_geraldo_7957-HDR-1920w.png\" class=\"attachment-full size-full wp-image-826\" alt=\"Matiz Bar\u00e3o Geral Express\" srcset=\"https:\/\/anfamec.com.br\/expo2025\/wp-content\/uploads\/2025\/05\/barao_geraldo_7957-HDR-1920w.png 1500w, https:\/\/anfamec.com.br\/expo2025\/wp-content\/uploads\/2025\/05\/barao_geraldo_7957-HDR-1920w-300x170.png 300w, https:\/\/anfamec.com.br\/expo2025\/wp-content\/uploads\/2025\/05\/barao_geraldo_7957-HDR-1920w-1024x580.png 1024w, https:\/\/anfamec.com.br\/expo2025\/wp-content\/uploads\/2025\/05\/barao_geraldo_7957-HDR-1920w-768x435.png 768w\" sizes=\"(max-width: 1500px) 100vw, 1500px\" \/>\t\t\t\t\t\t\t\t<\/a>\n\t\t\t\t\t\t\t\t\t\t\t<figcaption class=\"widget-image-caption wp-caption-text\">Matiz Bar\u00e3o Geral Express<\/figcaption>\n\t\t\t\t\t\t\t\t\t\t<\/figure>\n\t\t\t\t\t\t\t\t\t<\/div>\n\t\t\t\t<\/div>\n\t\t\t\t<div class=\"elementor-element elementor-element-ba5e4b1 elementor-align-center elementor-widget elementor-widget-button\" data-id=\"ba5e4b1\" data-element_type=\"widget\" data-e-type=\"widget\" data-widget_type=\"button.default\">\n\t\t\t\t<div class=\"elementor-widget-container\">\n\t\t\t\t\t\t\t\t\t<div class=\"elementor-button-wrapper\">\n\t\t\t\t\t<a class=\"elementor-button elementor-button-link elementor-size-sm\" href=\"https:\/\/www.hotelariabrasil.com.br\/matiz-barao-geraldo-express\" target=\"_blank\" rel=\"nofollow\">\n\t\t\t\t\t\t<span class=\"elementor-button-content-wrapper\">\n\t\t\t\t\t\t\t\t\t<span class=\"elementor-button-text\">RESERVAR<\/span>\n\t\t\t\t\t<\/span>\n\t\t\t\t\t<\/a>\n\t\t\t\t<\/div>\n\t\t\t\t\t\t\t\t<\/div>\n\t\t\t\t<\/div>\n\t\t\t\t<\/div>\n\t\t<div class=\"elementor-element elementor-element-13c8581 e-con-full e-flex e-con e-child\" data-id=\"13c8581\" data-element_type=\"container\" data-e-type=\"container\">\n\t\t\t\t<div class=\"elementor-element elementor-element-8d47c1a elementor-widget elementor-widget-image\" data-id=\"8d47c1a\" data-element_type=\"widget\" data-e-type=\"widget\" data-widget_type=\"image.default\">\n\t\t\t\t<div class=\"elementor-widget-container\">\n\t\t\t\t\t\t\t\t\t\t\t\t<figure class=\"wp-caption\">\n\t\t\t\t\t\t\t\t\t\t\t<a href=\"https:\/\/anfamec.com.br\/expo2025\/wp-content\/uploads\/2025\/01\/HOTEL-VITORIA-CONCEPT.png\" data-elementor-open-lightbox=\"yes\" data-elementor-lightbox-title=\"Vit\u00f3ria Concept Campinas\" data-e-action-hash=\"#elementor-action%3Aaction%3Dlightbox%26settings%3DeyJpZCI6NjcwLCJ1cmwiOiJodHRwczpcL1wvYW5mYW1lYy5jb20uYnJcL2V4cG8yMDI1XC93cC1jb250ZW50XC91cGxvYWRzXC8yMDI1XC8wMVwvSE9URUwtVklUT1JJQS1DT05DRVBULnBuZyJ9\">\n\t\t\t\t\t\t\t<img decoding=\"async\" src=\"https:\/\/anfamec.com.br\/expo2025\/wp-content\/uploads\/elementor\/thumbs\/HOTEL-VITORIA-CONCEPT-qzomhg5mstzxdbj36n5508auto8sj4wgb27tabtnnk.png\" title=\"Vit\u00f3ria Concept Campinas\" alt=\"Vit\u00f3ria Concept Campinas\" loading=\"lazy\" \/>\t\t\t\t\t\t\t\t<\/a>\n\t\t\t\t\t\t\t\t\t\t\t<figcaption class=\"widget-image-caption wp-caption-text\">Vit\u00f3ria Concept Campinas<\/figcaption>\n\t\t\t\t\t\t\t\t\t\t<\/figure>\n\t\t\t\t\t\t\t\t\t<\/div>\n\t\t\t\t<\/div>\n\t\t\t\t<div class=\"elementor-element elementor-element-03c92c7 elementor-align-center elementor-widget elementor-widget-button\" data-id=\"03c92c7\" data-element_type=\"widget\" data-e-type=\"widget\" data-widget_type=\"button.default\">\n\t\t\t\t<div class=\"elementor-widget-container\">\n\t\t\t\t\t\t\t\t\t<div class=\"elementor-button-wrapper\">\n\t\t\t\t\t<a class=\"elementor-button elementor-button-link elementor-size-sm\" href=\"https:\/\/book.omnibees.com\/hotelresults?c=7933&#038;q=13814&#038;NRooms=1&#038;CheckIn=28052025&#038;CheckOut=30052025&#038;ad=2&#038;ch=0&#038;Code=ANFAMEC2025&#038;lang=pt-BR&#038;currencyId=16&#038;version=4&#038;lang=pt-BR\" target=\"_blank\" rel=\"nofollow\">\n\t\t\t\t\t\t<span class=\"elementor-button-content-wrapper\">\n\t\t\t\t\t\t\t\t\t<span class=\"elementor-button-text\">RESERVAR<\/span>\n\t\t\t\t\t<\/span>\n\t\t\t\t\t<\/a>\n\t\t\t\t<\/div>\n\t\t\t\t\t\t\t\t<\/div>\n\t\t\t\t<\/div>\n\t\t\t\t<\/div>\n\t\t<div class=\"elementor-element elementor-element-12c2fc5 e-con-full e-flex e-con e-child\" data-id=\"12c2fc5\" data-element_type=\"container\" data-e-type=\"container\">\n\t\t\t\t<div class=\"elementor-element elementor-element-6275dbc elementor-widget elementor-widget-image\" data-id=\"6275dbc\" data-element_type=\"widget\" data-e-type=\"widget\" data-widget_type=\"image.default\">\n\t\t\t\t<div class=\"elementor-widget-container\">\n\t\t\t\t\t\t\t\t\t\t\t\t<figure class=\"wp-caption\">\n\t\t\t\t\t\t\t\t\t\t\t<a href=\"https:\/\/anfamec.com.br\/expo2025\/wp-content\/uploads\/2025\/01\/Vitoria-Residence-Newport.png\" data-elementor-open-lightbox=\"yes\" data-elementor-lightbox-title=\"Vit\u00f3ria Residence Newport\" data-e-action-hash=\"#elementor-action%3Aaction%3Dlightbox%26settings%3DeyJpZCI6NjY5LCJ1cmwiOiJodHRwczpcL1wvYW5mYW1lYy5jb20uYnJcL2V4cG8yMDI1XC93cC1jb250ZW50XC91cGxvYWRzXC8yMDI1XC8wMVwvVml0b3JpYS1SZXNpZGVuY2UtTmV3cG9ydC5wbmcifQ%3D%3D\">\n\t\t\t\t\t\t\t<img decoding=\"async\" src=\"https:\/\/anfamec.com.br\/expo2025\/wp-content\/uploads\/elementor\/thumbs\/Vitoria-Residence-Newport-qzomhdc48bw2ehn6n3x9ar0h1imow1l9ao9cuhxu68.png\" title=\"Vit\u00f3ria Residence Newport\" alt=\"Vit\u00f3ria Residence Newport\" loading=\"lazy\" \/>\t\t\t\t\t\t\t\t<\/a>\n\t\t\t\t\t\t\t\t\t\t\t<figcaption class=\"widget-image-caption wp-caption-text\">Vit\u00f3ria Residence Newport<\/figcaption>\n\t\t\t\t\t\t\t\t\t\t<\/figure>\n\t\t\t\t\t\t\t\t\t<\/div>\n\t\t\t\t<\/div>\n\t\t\t\t<div class=\"elementor-element elementor-element-6e319f8 elementor-align-center elementor-widget elementor-widget-button\" data-id=\"6e319f8\" data-element_type=\"widget\" data-e-type=\"widget\" data-widget_type=\"button.default\">\n\t\t\t\t<div class=\"elementor-widget-container\">\n\t\t\t\t\t\t\t\t\t<div class=\"elementor-button-wrapper\">\n\t\t\t\t\t<a class=\"elementor-button elementor-button-link elementor-size-sm\" href=\"https:\/\/book.omnibees.com\/hotelresults?c=7933&#038;q=13817&#038;NRooms=1&#038;CheckIn=28052025&#038;CheckOut=30052025&#038;ad=2&#038;ch=0&#038;Code=ANFAMEC2025&#038;lang=pt-BR&#038;currencyId=16&#038;version=4&#038;lang=pt-BR\" target=\"_blank\" rel=\"nofollow\">\n\t\t\t\t\t\t<span class=\"elementor-button-content-wrapper\">\n\t\t\t\t\t\t\t\t\t<span class=\"elementor-button-text\">RESERVAR<\/span>\n\t\t\t\t\t<\/span>\n\t\t\t\t\t<\/a>\n\t\t\t\t<\/div>\n\t\t\t\t\t\t\t\t<\/div>\n\t\t\t\t<\/div>\n\t\t\t\t<\/div>\n\t\t\t\t\t<\/div>\n\t\t\t\t<\/div>\n\t\t<div class=\"elementor-element elementor-element-8e3c1f1 e-flex e-con-boxed e-con e-parent\" data-id=\"8e3c1f1\" data-element_type=\"container\" data-e-type=\"container\">\n\t\t\t\t\t<div class=\"e-con-inner\">\n\t\t<div class=\"elementor-element elementor-element-30a89b5 e-con-full e-flex e-con e-child\" data-id=\"30a89b5\" data-element_type=\"container\" data-e-type=\"container\">\n\t\t\t\t<div class=\"elementor-element elementor-element-adabdad elementor-widget elementor-widget-image\" data-id=\"adabdad\" data-element_type=\"widget\" data-e-type=\"widget\" data-widget_type=\"image.default\">\n\t\t\t\t<div class=\"elementor-widget-container\">\n\t\t\t\t\t\t\t\t\t\t\t\t<figure class=\"wp-caption\">\n\t\t\t\t\t\t\t\t\t\t\t<a href=\"https:\/\/anfamec.com.br\/expo2025\/wp-content\/uploads\/2025\/01\/IBIS-CAMPINAS.png\" data-elementor-open-lightbox=\"yes\" data-elementor-lightbox-title=\"Ibis Campinas\" data-e-action-hash=\"#elementor-action%3Aaction%3Dlightbox%26settings%3DeyJpZCI6NjcyLCJ1cmwiOiJodHRwczpcL1wvYW5mYW1lYy5jb20uYnJcL2V4cG8yMDI1XC93cC1jb250ZW50XC91cGxvYWRzXC8yMDI1XC8wMVwvSUJJUy1DQU1QSU5BUy5wbmcifQ%3D%3D\">\n\t\t\t\t\t\t\t<img decoding=\"async\" src=\"https:\/\/anfamec.com.br\/expo2025\/wp-content\/uploads\/elementor\/thumbs\/IBIS-CAMPINAS-qzomhlsnxu7nazaw9pkwf6vmdzgztbiubu4q5zlam8.png\" title=\"Ibis Campinas\" alt=\"Ibis Campinas\" loading=\"lazy\" \/>\t\t\t\t\t\t\t\t<\/a>\n\t\t\t\t\t\t\t\t\t\t\t<figcaption class=\"widget-image-caption wp-caption-text\">Ibis Campinas<\/figcaption>\n\t\t\t\t\t\t\t\t\t\t<\/figure>\n\t\t\t\t\t\t\t\t\t<\/div>\n\t\t\t\t<\/div>\n\t\t\t\t<div class=\"elementor-element elementor-element-4f44cf4 elementor-align-center elementor-widget elementor-widget-button\" data-id=\"4f44cf4\" data-element_type=\"widget\" data-e-type=\"widget\" data-widget_type=\"button.default\">\n\t\t\t\t<div class=\"elementor-widget-container\">\n\t\t\t\t\t\t\t\t\t<div class=\"elementor-button-wrapper\">\n\t\t\t\t\t<a class=\"elementor-button elementor-button-link elementor-size-sm\" href=\"http:\/\/www.accorhotels.com\/lien_externe.svlt?goto=rech_resa&#038;destination=5469&#038;sourceid=EVT15&#038;dayIn=27&#038;monthIn=05&#038;yearIn=2025&#038;nightNb=1&#038;preferredCode=EVT15&#038;merchantid=par-accorFR\" target=\"_blank\" rel=\"nofollow\">\n\t\t\t\t\t\t<span class=\"elementor-button-content-wrapper\">\n\t\t\t\t\t\t\t\t\t<span class=\"elementor-button-text\">RESERVAR<\/span>\n\t\t\t\t\t<\/span>\n\t\t\t\t\t<\/a>\n\t\t\t\t<\/div>\n\t\t\t\t\t\t\t\t<\/div>\n\t\t\t\t<\/div>\n\t\t\t\t<\/div>\n\t\t<div class=\"elementor-element elementor-element-74f9a19 e-con-full e-flex e-con e-child\" data-id=\"74f9a19\" data-element_type=\"container\" data-e-type=\"container\">\n\t\t\t\t<div class=\"elementor-element elementor-element-2a0728e elementor-widget elementor-widget-image\" data-id=\"2a0728e\" data-element_type=\"widget\" data-e-type=\"widget\" data-widget_type=\"image.default\">\n\t\t\t\t<div class=\"elementor-widget-container\">\n\t\t\t\t\t\t\t\t\t\t\t\t<figure class=\"wp-caption\">\n\t\t\t\t\t\t\t\t\t\t\t<a href=\"https:\/\/anfamec.com.br\/expo2025\/wp-content\/uploads\/2025\/01\/Styles-Campinas.png\" data-elementor-open-lightbox=\"yes\" data-elementor-lightbox-title=\"Styles Campinas\" data-e-action-hash=\"#elementor-action%3Aaction%3Dlightbox%26settings%3DeyJpZCI6NjY4LCJ1cmwiOiJodHRwczpcL1wvYW5mYW1lYy5jb20uYnJcL2V4cG8yMDI1XC93cC1jb250ZW50XC91cGxvYWRzXC8yMDI1XC8wMVwvU3R5bGVzLUNhbXBpbmFzLnBuZyJ9\">\n\t\t\t\t\t\t\t<img decoding=\"async\" width=\"1179\" height=\"717\" src=\"https:\/\/anfamec.com.br\/expo2025\/wp-content\/uploads\/2025\/01\/Styles-Campinas.png\" class=\"attachment-full size-full wp-image-668\" alt=\"Styles Campinas\" srcset=\"https:\/\/anfamec.com.br\/expo2025\/wp-content\/uploads\/2025\/01\/Styles-Campinas.png 1179w, https:\/\/anfamec.com.br\/expo2025\/wp-content\/uploads\/2025\/01\/Styles-Campinas-300x182.png 300w, https:\/\/anfamec.com.br\/expo2025\/wp-content\/uploads\/2025\/01\/Styles-Campinas-1024x623.png 1024w, https:\/\/anfamec.com.br\/expo2025\/wp-content\/uploads\/2025\/01\/Styles-Campinas-768x467.png 768w\" sizes=\"(max-width: 1179px) 100vw, 1179px\" \/>\t\t\t\t\t\t\t\t<\/a>\n\t\t\t\t\t\t\t\t\t\t\t<figcaption class=\"widget-image-caption wp-caption-text\">Styles Campinas<\/figcaption>\n\t\t\t\t\t\t\t\t\t\t<\/figure>\n\t\t\t\t\t\t\t\t\t<\/div>\n\t\t\t\t<\/div>\n\t\t\t\t<div class=\"elementor-element elementor-element-223fb15 elementor-align-center elementor-widget elementor-widget-button\" data-id=\"223fb15\" data-element_type=\"widget\" data-e-type=\"widget\" data-widget_type=\"button.default\">\n\t\t\t\t<div class=\"elementor-widget-container\">\n\t\t\t\t\t\t\t\t\t<div class=\"elementor-button-wrapper\">\n\t\t\t\t\t<a class=\"elementor-button elementor-button-link elementor-size-sm\" href=\"http:\/\/www.accorhotels.com\/lien_externe.svlt?goto=rech_resa&#038;destination=c0v8&#038;sourceid=EVT15&#038;dayIn=27&#038;monthIn=05&#038;yearIn=2025&#038;nightNb=1&#038;preferredCode=EVT15&#038;merchantid=par-accorFR\" target=\"_blank\" rel=\"nofollow\">\n\t\t\t\t\t\t<span class=\"elementor-button-content-wrapper\">\n\t\t\t\t\t\t\t\t\t<span class=\"elementor-button-text\">RESERVAR<\/span>\n\t\t\t\t\t<\/span>\n\t\t\t\t\t<\/a>\n\t\t\t\t<\/div>\n\t\t\t\t\t\t\t\t<\/div>\n\t\t\t\t<\/div>\n\t\t\t\t<\/div>\n\t\t<div class=\"elementor-element elementor-element-733a3e6 e-con-full e-flex e-con e-child\" data-id=\"733a3e6\" data-element_type=\"container\" data-e-type=\"container\">\n\t\t\t\t<div class=\"elementor-element elementor-element-c4c5068 elementor-widget elementor-widget-image\" data-id=\"c4c5068\" data-element_type=\"widget\" data-e-type=\"widget\" data-widget_type=\"image.default\">\n\t\t\t\t<div class=\"elementor-widget-container\">\n\t\t\t\t\t\t\t\t\t\t\t\t<figure class=\"wp-caption\">\n\t\t\t\t\t\t\t\t\t\t\t<a href=\"https:\/\/anfamec.com.br\/expo2025\/wp-content\/uploads\/2025\/01\/Mercure-Campinas.png\" data-elementor-open-lightbox=\"yes\" data-elementor-lightbox-title=\"Mercure Campinas\" data-elementor-lightbox-description=\"Mercure Campinas\" data-e-action-hash=\"#elementor-action%3Aaction%3Dlightbox%26settings%3DeyJpZCI6NjY3LCJ1cmwiOiJodHRwczpcL1wvYW5mYW1lYy5jb20uYnJcL2V4cG8yMDI1XC93cC1jb250ZW50XC91cGxvYWRzXC8yMDI1XC8wMVwvTWVyY3VyZS1DYW1waW5hcy5wbmcifQ%3D%3D\">\n\t\t\t\t\t\t\t<img decoding=\"async\" src=\"https:\/\/anfamec.com.br\/expo2025\/wp-content\/uploads\/elementor\/thumbs\/Mercure-Campinas-qzomh5tepnlrtly3v0o8qswsafnr6greln1h0a8zk0.png\" title=\"Mercure Campinas\" alt=\"Mercure Campinas\" loading=\"lazy\" \/>\t\t\t\t\t\t\t\t<\/a>\n\t\t\t\t\t\t\t\t\t\t\t<figcaption class=\"widget-image-caption wp-caption-text\">Mercure Campinas<\/figcaption>\n\t\t\t\t\t\t\t\t\t\t<\/figure>\n\t\t\t\t\t\t\t\t\t<\/div>\n\t\t\t\t<\/div>\n\t\t\t\t<div class=\"elementor-element elementor-element-1c987ce elementor-align-center elementor-widget elementor-widget-button\" data-id=\"1c987ce\" data-element_type=\"widget\" data-e-type=\"widget\" data-widget_type=\"button.default\">\n\t\t\t\t<div class=\"elementor-widget-container\">\n\t\t\t\t\t\t\t\t\t<div class=\"elementor-button-wrapper\">\n\t\t\t\t\t<a class=\"elementor-button elementor-button-link elementor-size-sm\" href=\"http:\/\/www.accorhotels.com\/lien_externe.svlt?goto=rech_resa&#038;destination=5181&#038;sourceid=EVT15&#038;dayIn=27&#038;monthIn=05&#038;yearIn=2025&#038;nightNb=1&#038;preferredCode=EVT15&#038;merchantid=par-accorFR\" target=\"_blank\" rel=\"nofollow\">\n\t\t\t\t\t\t<span class=\"elementor-button-content-wrapper\">\n\t\t\t\t\t\t\t\t\t<span class=\"elementor-button-text\">RESERVAR<\/span>\n\t\t\t\t\t<\/span>\n\t\t\t\t\t<\/a>\n\t\t\t\t<\/div>\n\t\t\t\t\t\t\t\t<\/div>\n\t\t\t\t<\/div>\n\t\t\t\t<\/div>\n\t\t\t\t\t<\/div>\n\t\t\t\t<\/div>\n\t\t\t\t<\/div>\n\t\t","protected":false},"excerpt":{"rendered":"<p>HOT\u00c9IS OFICIAIS DO EVENTO Para efetuar a sua Reserva Escolha um dos hot\u00e9is sugeridos abaixo e click no bot\u00e3o Fa\u00e7a sua reserva Selecione a data de check in e check out Insira o c\u00f3digo promocional para Rede Vitoria c\u00f3digo promocional &#8211; ANFAMEC2025 (COM 12% DE DESCONTO) para Rede Accor c\u00f3digo promocional &#8211; EXPODOMPEDRO e para [&hellip;]<\/p>\n","protected":false},"author":1,"featured_media":0,"parent":0,"menu_order":0,"comment_status":"closed","ping_status":"closed","template":"","meta":{"footnotes":""},"class_list":["post-28","page","type-page","status-publish","hentry"],"_links":{"self":[{"href":"https:\/\/anfamec.com.br\/expo2025\/wp-json\/wp\/v2\/pages\/28","targetHints":{"allow":["GET"]}}],"collection":[{"href":"https:\/\/anfamec.com.br\/expo2025\/wp-json\/wp\/v2\/pages"}],"about":[{"href":"https:\/\/anfamec.com.br\/expo2025\/wp-json\/wp\/v2\/types\/page"}],"author":[{"embeddable":true,"href":"https:\/\/anfamec.com.br\/expo2025\/wp-json\/wp\/v2\/users\/1"}],"replies":[{"embeddable":true,"href":"https:\/\/anfamec.com.br\/expo2025\/wp-json\/wp\/v2\/comments?post=28"}],"version-history":[{"count":5,"href":"https:\/\/anfamec.com.br\/expo2025\/wp-json\/wp\/v2\/pages\/28\/revisions"}],"predecessor-version":[{"id":829,"href":"https:\/\/anfamec.com.br\/expo2025\/wp-json\/wp\/v2\/pages\/28\/revisions\/829"}],"wp:attachment":[{"href":"https:\/\/anfamec.com.br\/expo2025\/wp-json\/wp\/v2\/media?parent=28"}],"curies":[{"name":"wp","href":"https:\/\/api.w.org\/{rel}","templated":true}]}}